?
23
Let b(m) = -m**3 - 18*m**2 - 86*m + 3. Calculate the remainder when 631 is divided by b(-10).
1
Let g(r) = -2*r**2 + r + 7. Let j(u) = u**2 + u + 1. Let m be 0 + -4 + 16 + -7. Let x(n) = m*j(n) - g(n). What is the remainder when x(3) is divided by 25?
23
Let i = 543 - 525. What is the remainder when 2/7 - 40/(-35)*82 is divided by i?
4
Let j(u) = 3*u**2 - 13*u - 20. Let i be j(8). Calculate the remainder when i + ((-4)/8)/(1/(-8)) is divided by 30.
12
Let b(w) = -6*w + 343. Calculate the remainder when b(7) is divided by 16.
13
Suppose 40*d + 169 - 39369 = 0. Calculate the remainder when d is divided by 73.
31
Let z = 857 - 861. Calculate the remainder when z + (-5)/(-25) + (-7718)/(-10) is divided by 77.
75
What is the remainder when 1174 is divided by (-17)/119*-91 + 19?
22
Suppose -2*c + 4*c - 5*c + 20931 = 0. Calculate the remainder when c is divided by 10.
7
Suppose 1 = 4*r + 17, 0 = -5*o + 2*r + 133. Suppose 7*h - 506 = 292. Suppose -4*x + 16 = 0, -y = 12*x - 14*x - h. What is the remainder when y is divided by o?
22
Let r = 38 - 85. Let o = -4 - r. Let k = -282 - -305. Calculate the remainder when o is divided by k.
20
Let z = -866 + 898. Let k(b) = -b + 6. Let w be k(-3). Suppose -w*a + 37 = -1097. Calculate the remainder when a is divided by z.
30
Let y(l) = 22*l + 102 - 9*l - 4*l - 10*l. What is the remainder when y(-13) is divided by 24?
19
Suppose -p + 3*d + 22 = 7, 2*p + 4*d = -10. Let i be -3 + p/3 - -3. What is the remainder when (244/8)/(i/2) is divided by 16?
13
Suppose 0 = -23*k + 293 - 17. What is the remainder when 368 is divided by k?
8
Suppose 23*l = 2894 + 1729. Calculate the remainder when 456 is divided by l.
54
Suppose -4*c - 4*p - 839 = -219, -5*c - 739 = -4*p. Let t = -128 - c. What is the remainder when 114 is divided by t?
22
Suppose 0 = 5*h + 4*j - 15, 4*h - 6*j = -7*j + 23. Suppose 5*x + 86 = h*x. Calculate the remainder when 165 is divided by x.
36
Suppose 32*a = -246 + 1814. Calculate the remainder when 153 is divided by a.
6
Calculate the remainder when 142 is divided by 13/1638*8958 - 2/21.
0
Let z(b) = 4*b**2 - 7*b + 53. Calculate the remainder when 622 is divided by z(6).
2
Suppose 5*a + 5*h = -665, 4*a + 472 = -3*h - 55. Let t = a + 153. Calculate the remainder when 72 is divided by t.
22
Let o(d) = -77*d + 28. What is the remainder when 10751 is divided by o(-4)?
335
Suppose -140 = -3*x + 97. Suppose -1040*n = -1071*n + 6944. Calculate the remainder when n is divided by x.
66
Suppose -36*o + 45*o = 0. Suppose t = -o*n - 5*n + 205, 3*t - 615 = -5*n. Calculate the remainder when t is divided by 52.
49
Suppose 52 = 4*g - 6*i + 4*i, -6*g = -5*i - 78. What is the remainder when 15910 is divided by g?
11
What is the remainder when 1528 is divided by (-875)/(-35) - (1 - -3)?
16
Let j be (-126)/(-24) - 2/8. Let t(o) = -1 + 4*o**2 - 5*o + 0*o - j*o**2 - 2*o. What is the remainder when t(-5) is divided by 5?
4
Let w = 4744 - 274. Calculate the remainder when w is divided by 13.
11
Let r(f) = -2*f**3 - 39*f**2 - 17*f + 42. Let h be r(-19). Suppose -3*c + h + 65 = 0. Calculate the remainder when 204 is divided by c.
20
Let m be 4/7 + (-76)/(-14). Suppose 0 = m*z + z + 14. What is the remainder when 0 + -36*1/z is divided by 4?
2
Let k be (-1)/2*-1*4. Let q(l) = 2*l**2 - 3*l + 3. Let p(o) = -o**3 - 22*o**2 - 121*o - 117. Calculate the remainder when p(-14) is divided by q(k).
4
Let f be ((-36)/21)/(24/84). Let h(j) = -j**3 - 7*j**2 - 4*j + 6. Let n(m) = m + 1. Let o(q) = h(q) - 6*n(q). What is the remainder when 70 is divided by o(f)?
22
Suppose -15*h = -a - 13*h + 113, 0 = -2*h. Let r(y) = 17*y. Calculate the remainder when a is divided by r(1).
11
Suppose -5*c + 175 = -250. Let t(u) = 2*u**2 + 9*u - 5. Suppose -4*q + 2*z - 22 = 0, -5*q - 1 - 46 = 4*z. What is the remainder when c is divided by t(q)?
25
Suppose 142*l - 5*p = 1258, 31*p - 33 = -5*l + 34*p. Suppose -2*k + 367 = 5*v, -235 + 44 = -k - 5*v. Calculate the remainder when k is divided by l.
5
Let f(v) = v**3 + v**2 - 5*v + 13. Let r = -45 - -42. Calculate the remainder when 62 is divided by f(r).
2
Let x(b) = 9*b**2 - 10*b + 3. Let r(v) = -v**3 - v + 3. Let j be r(0). Let h be x(j). Suppose h = -6*t + 9*t. Calculate the remainder when 89 is divided by t.
17
Let r(k) = 3*k + 44. Let a be r(-15). Calculate the remainder when (-62)/(-1 + (-2)/(-6)) is divided by (133/21 - 5)*(-24)/a.
29
Let w = -463 - -423. Calculate the remainder when 15 is divided by (w/35*1)/(2/(-7)).
3
Let i be 20/6 + (-23)/69. Suppose 3*s + d - 203 = 0, 3*s - i*d - 343 = -2*s. What is the remainder when s is divided by 14?
12
Let x = 13 + 67. Calculate the remainder when 728 is divided by x.
8
Suppose 5*v - 2*w - 102 = 0, -w = -129*v + 132*v - 48. Let m be ((-138)/8)/(2/(-16)). Suppose z = -z + m. What is the remainder when z is divided by v?
15
Suppose -2*m + 175 = 3*m - 5*z, -3*m - 2*z + 115 = 0. Suppose 10091*l - 840 = 10085*l. Calculate the remainder when l is divided by m.
29
Let d(r) = r**3 + 13*r**2 - 95*r - 36. What is the remainder when 366 is divided by d(-18)?
42
Suppose -l + 3*i + 160 = 0, -5*l + 1062 - 218 = -4*i. Calculate the remainder when 665 is divided by l.
149
Suppose -617 = -1916*j + 1913*j - 4*o, -5*o = 20. Calculate the remainder when 416 is divided by j.
205
Suppose -3*q + 4 = -2. Suppose q*a - 14 = 26. Let s(w) = w**3 + 11*w**2 - 4*w - 139. What is the remainder when s(-9) is divided by a?
19
Suppose -112*w + 72 = -104*w. Calculate the remainder when 1/7 + (-3612)/(-98) is divided by w.
1
Let r = 99 + -97. Let y(p) = 1 + r + 2*p + 1 + 3*p**2 + 2. What is the remainder when 96 is divided by y(-2)?
12
Suppose -22*v + 2353 + 1343 = 0. Calculate the remainder when 329 is divided by v.
161
Suppose 25*z = 776 + 624. What is the remainder when z is divided by 19?
18
Let h(p) = -78*p - 36. What is the remainder when h(-2) is divided by -5 - (-50 + (-4 - -8))?
38
Suppose c = 5*c - 344. Suppose -c = -x - 28. Let a(m) = 8*m + 444. Calculate the remainder when x is divided by a(-53).
18
Suppose p + 4*u - u = 26, -74 = -5*p - u. Suppose 0 = 7*t + 6*t - 4134. Suppose 105 = -t*i + 323*i. What is the remainder when i is divided by p?
7
Let a = 2 - 5. Let l be -2 - (a + 2)*-5. What is the remainder when 2/l - 312/(-14) is divided by 6?
4
Let i be 7580/35 + (-36)/63. Calculate the remainder when ((-3726)/i)/((-6)/16) is divided by 19.
8
Let u(a) = -a**3 + 34*a**2 - 46*a + 897. Calculate the remainder when u(26) is divided by 14.
13
Suppose 0*j - 3*j - 31 = -2*d, 3*d + 3*j = 39. Suppose d = -2*z + 18. What is the remainder when 18 is divided by z?
0
Suppose -470*s - 110 - 1870 = -476*s. Calculate the remainder when s is divided by 326.
4
Let a be 3/(-4)*(-6 + 12 + 10). Suppose -g = g - 8, -2*y + 2*g = -40. Let m = y + a. What is the remainder when 47 is divided by m?
11
Suppose -5*m + 4*s = -11 - 67, -4*m = 5*s - 87. Let t(u) = 3*u**2 - 157*u - 407. What is the remainder when t(55) is divided by m?
15
Suppose 4*t - 20 = 0, -a - 5*t = -14 - 20. Let n = 19424 + -19417. Calculate the remainder when a is divided by n.
2
Suppose 3*c + 3388 = 28*c + 19*c. What is the remainder when c is divided by 58?
19
Suppose -4*d - 5*i - 877 + 3657 = 0, 3*d + i = 2085. What is the remainder when d is divided by 140?
135
Let v = 18 + -10. Suppose -80 = 4*o - v*o. Suppose -7*t + 834 = 2*s, 3*t - 2*s - 2*s = 338. What is the remainder when t is divided by o?
18
Let u(h) = 5*h**2 + 5*h + 6. Suppose 440 = -26*t + 7*t + 30*t. Calculate the remainder when u(-4) is divided by t.
26
Let c be (-8)/(-28) - (-170090)/35. Suppose -c = -21*z + 978. What is the remainder when z is divided by 70?
68
Suppose -6*f + 28 + 476 = 0. Calculate the remainder when 1005 is divided by f.
81
Suppose -4*a = -i - 185, 4*i - 57 = -a - 15. Let p(c) = 6*c. Let o = -16 - -18. What is the remainder when a is divided by p(o)?
10
Let x = -5285 - -5509. What is the remainder when x is divided by 105?
14
Let n = 389 - 394. Let s(q) = 3*q**2 + 8. What is the remainder when s(n) is divided by 28?
27
Let b(l) = l**2 + 4*l + 8. Suppose v - 3 = -4*w, 7*w + 16 = 5*w - 4*v. Calculate the remainder when b(-6) is divided by -5 - w - 154/(-11).
6
Let p = 17 + 3. Let s be (7 - 3) + 5 + -4 + -2. Suppose o - 2*h = -s*o + 150, -5*h + 93 = 3*o